 + g. Let q(j) = j**3 + 3*j**2 - 4*j - 5. Give q(z).
-5
Suppose -5*k - 4*q = -3*q + 32, -4*k - 4*q - 32 = 0. Let y(c) = -5*c - 32. What is y(k)?
-2
Let i(z) = 3*z**2 + 10*z + 2. Let s(p) = 2*p**2 + 9*p + 2. Let f(o) = -3*i(o) + 4*s(o). Let d(a) = a**3 + 7*a**2 + a + 13. Let t be d(-7). Determine f(t).
2
Let j(d) = 2*d**2 - 1. Let k(y) be the first derivative of y**2/2 + 21*y + 56. Let o be k(-20). Give j(o).
1
Suppose -l - 8 = -5*m - 2*l, 5*l + 18 = 4*m. Suppose 3*i - m*c = 488, -i + c + 211 = 47. Let a be i/(-88) - 4/22. Let v(f) = -4*f - 3. Determine v(a).
5
Let q(v) = -81*v + 4367. Let x be q(54). Let r(w) = 3*w**2 - 7*w - 7. Let l(h) = 7*h**2 - 14*h - 14. Let i(a) = -4*l(a) + 9*r(a). Calculate i(x).
-7
Suppose -5*a + 3*a = -3*u + 7, -4*a - 5*u = -41. Suppose -b = a*b - 175. Suppose 2*x = -4*v - 12, 8*x - 3*x - b = 3*v. Let h(n) = -n + 5. Give h(v).
10
Let q(w) = w. Let z = -1634 - -1642. What is q(z)?
8
Let s be 12/(-8)*(2 - 1)*-2. Let d be (1 - s - -1)*-5. Let y(f) = -f**2 + 7*f - 3. Calculate y(d).
7
Let y(b) = -b**3 - 5*b**2 + 6*b + 2. Let w be 0/(-11)*(-2)/6. Suppose 5*n + w*n = 25. Suppose 35 = -n*a + 5. What is y(a)?
2
Let a = 80 + -75. Let b(k) = a*k + 1 - 2*k**3 + k**3 - 6 - 4*k**2 + 8. Determine b(-5).
3
Let q = 130 + -128. Let d(l) = 1 - 5*l**3 + l**3 + 0*l**3 - 5*l + 6*l**2 - 2*l**3. Let o(p) = -7*p**3 + 7*p**2 - 6*p + 1. Let v(c) = 4*d(c) - 3*o(c). Give v(q).
-15
Let m(j) = j**3 - 4*j**2 - 3*j - 1. Suppose -51*t + 54*t = -6. What is m(t)?
-19
Suppose 0 = -194*g + 183*g + 22. Let o(i) be the third derivative of 11/6*i**3 + i**g + 1/24*i**4 + 0*i + 0. Determine o(0).
11
Let v(u) = u - 1. Let g(z) = -10 + 2*z + z**2 + 6 + 8*z. Let n(a) = g(a) - 2*v(a). Suppose 36 = 2*w - 8*w. Calculate n(w).
-14
Let x(t) = t**3 - 8*t**2 - 3*t + 11. Let j(w) = -w**3 - 11*w**2 + 44*w + 36. Let h be j(-14). What is x(h)?
-13
Let x(w) = -w**3 - 6*w**2 + 4*w + 4. Let b(n) = -2*n - 30. Let y be b(-12). Calculate x(y).
-20
Let u(l) be the second derivative of -1/20*l**5 - 7*l + 1/6*l**4 + 0 + 3/2*l**2 - 1/3*l**3. Suppose 3*q - 6 = -0. Calculate u(q).
-1
Let g(i) = 5*i**3 - 10*i**2 + 9*i - 13. Let a(w) = -2*w**3 + 2*w**2 - w + 1. Let b(s) = -2*a(s) - g(s). Calculate b(5).
1
Let u(y) be the first derivative of y**4/4 - 2*y**3/3 - y**2 - y - 82. Let w be ((-2)/(-4))/(2/12). Calculate u(w).
2
Let z(m) = -2*m**2 - 28*m + 23. Let t(h) = -h**2 - 13*h + 12. Let j(s) = 5*t(s) - 2*z(s). Give j(-10).
4
Let i = 5 + -3. Let l be (-19)/3 + i/6. Let w(u) be the first derivative of u**2 + 5*u - 313. What is w(l)?
-7
Let a be 6/10*(-20)/(-4). Let d(q) = 6*q - a - 8*q**2 - 1 - 7*q**2 + 10*q**2 + q**3. Give d(4).
4
Let a(k) be the first derivative of 2*k**3/3 + 9*k**2 - 13*k - 270. Calculate a(-10).
7
Suppose 4*x + 294 = 7*x. Let l(q) = -q**2 + q - q + q**3 - x + 106. What is l(0)?
8
Let u(r) = -2*r - 4. Let p(x) = x**3 + 5*x - 1. Let s(q) = p(q) + u(q). What is s(2)?
9
Let o be (5/(4/8*-1))/(-2). Let f(g) = 0*g**2 + 0*g**3 - o*g**3 + 9 + 8*g + 6*g**3 - 10*g**2. Determine f(9).
0
Let u = 106 + -110. Let z(j) = j**2 + 5*j - 5. What is z(u)?
-9
Let z(i) = i**3 - 5*i**2 - 2*i + 3. Let c be 4/(-10) + 215/(-25). Let r be -3*3/c*5. Suppose r*f = f + 20. What is z(f)?
-7
Let d be 46/14 - (-2)/(-7). Let h(v) = -3*v - 2*v + 6*v**2 + 1 - v**d + 0. Let p = -1092 - -1097. Give h(p).
1
Let d(z) = z**2 - 5*z + 4. Suppose -5*x - 18 = -10*r + 13*r, -5*r + 1 = -2*x. Suppose -3*g + 4*v + 68 = -8*g, -2*v - 64 = 5*g. Let a be (g*x/6)/2. What is d(a)?
-2
Let g(x) = 2*x - 12. Let d = -9 - 25. Let k = d + 42. Give g(k).
4
Let h = 21 + -18. Let a(f) = 1 + 128*f - 129*f + h. What is a(6)?
-2
Let p(i) = 4*i + 20. Let o be p(-7). Let r(w) = -w - 5. What is r(o)?
3
Let c(x) = 2*x - 10. Let u(j) = 1. Let r(k) = -k + 1. Let d(h) = -r(h) - 5*u(h). Let t be d(6). Suppose -21 = -3*p - t*p. Calculate c(p).
4
Let q(m) be the first derivative of -m**4/4 - 2*m**3 - 2*m**2 - 2*m + 113. Give q(-4).
-18
Let v(m) = m + 3. Let u be (-3*4/15)/(1/5). Let j be (-48)/(-12)*(-1 - 7/u). What is v(j)?
6
Let o(m) = 6*m - 17. Let l(a) = a - 2. Let j(k) = 24*l(k) - 3*o(k). Let w(s) = s**2 + 3*s - 7. Let h be w(-5). Give j(h).
21
Let i(g) = 4*g - 3. Let y = -247 - -249. Determine i(y).
5
Let i(n) = -3*n**2 + 3*n + 1. Let d(t) = -5*t**2 + 5*t + 1. Let s(g) = 5*d(g) - 8*i(g). Let a be 0 + -1 - (-16)/2. Let x = 7 - a. Calculate s(x).
-3
Let t(g) = -1 - g**2 - 2*g**2 + g**3 + 2. Let d be (-35)/(-5) + (9 - 15). What is t(d)?
-1
Let c(p) = 3*p**3 - 15*p**2 - 9*p + 6. Let z(o) = -13*o**3 + 62*o**2 + 34*o - 24. Let x(u) = -9*c(u) - 2*z(u). What is x(12)?
6
Let l(k) = 5*k**3 - 2*k**2 - k. Suppose 3*j - 4*q + 1 = -0*j, 4*q - 4 = 0. Suppose -3*n + j = 4. What is l(n)?
-6
Let o be ((-18)/8)/((-6)/8). Let u(j) be the first derivative of -1/2*j**2 + j - 2. Determine u(o).
-2
Let c(q) = q**3 - 8*q**2 + 10*q + 10. Let w(n) = -4*n**3 + 24*n**2 - 30*n - 31. Let g(f) = 7*c(f) + 2*w(f). What is g(-9)?
-1
Let o(t) = -3*t**2 + 7*t**3 - 2*t + 38 - 21 - 17. Let n(p) = 3*p**3 - 2*p**2 - p. Let c(v) = -5*n(v) + 2*o(v). Calculate c(2).
10
Let l(g) = 2*g - 4. Let d(y) be the first derivative of -3*y - 5/3*y**3 - 5/2*y**2 + 1/4*y**4 - 1. Let t be d(6). Give l(t).
2
Let s(m) = -13*m**2 + 28*m - 41. Let h(a) = 3*a**2 - 7*a + 10. Let f(g) = -9*h(g) - 2*s(g). Let u(x) = -10*x - 3. Let o be u(-2). Let i = -11 + o. Give f(i).
-2
Let j(y) = -13*y + 2. Let k(r) = -4*r - 2. Let w(z) = j(z) - 3*k(z). Calculate w(8).
0
Suppose -3*g + 7 = -4*c + 2*g, -2*g - 10 = 0. Let r(k) = -k**2 - 3*k - 5*k - 9230 + 9224. Calculate r(c).
-6
Let o(z) = -z**3 - 3*z**2 - z + 2. Suppose -q = 2*q + 6. Let p be o(q). Let a(t) = -t**3 + 0*t - t - 10 + 17 + t**2. What is a(p)?
7
Let b(i) be the third derivative of -1/2*i**3 + 10*i**2 - 1/24*i**4 + 0*i + 0. Calculate b(-6).
3
Let l(u) = 2*u**3 - u**2 - 1. Let r be -4 - ((-25)/(-5) - 7). Calculate l(r).
-21
Let m(i) = -8*i - 28. Let a be m(-4). Suppose 3*w + 3*b - 12 = 0, -a*b - 9 = -3*w - 4. Let z(g) = 2*g**3 - 4*g**2 - 3. What is z(w)?
15
Suppose s + 8 = -b, -3 = b + 5*s + 5. Let r(f) = 2*f. Calculate r(b).
-16
Suppose 2 = 4*r - 10. Let t(a) = -901*a + 905*a + r - a**3 - 2*a**2 - a**2. Give t(-4).
3
Let b(s) = 2*s**3 + 6*s**2 + 5*s - 1. Let p be b(-1). Let n(f) = f**2 + f + 2. Determine n(p).
4
Let y be (16 + -1)/(27/(-72)) - 2. Let n be (-6 + 0)*14/y. Let f(m) = -m**3 + 3*m**2 - 4*m + 2. What is f(n)?
-2
Let u = 11 + -11. Let z be 3 + (-1 + u - -1). Let b = 1 + z. Let i(h) = -h**2 + 2*h + 1. Calculate i(b).
-7
Suppose 4*l - 4*y - 4 = 0, 3*l = 4*y - 0*y + 1. Let g(r) = -l + r**2 - 4*r**2 - r**3 - 5*r + 3*r. Let u(q) = 2*q**2 + 45*q - 25. Let d be u(-23). What is g(d)?
-3
Let r be -1 - -4*-70*(-2)/16. Let w(d) = 29 - 2*d + 3*d - r - 3*d. Determine w(-4).
3
Let f(i) = -i**2 + 4*i + 40. Let l be f(9). Let m(c) = -20*c + 7 - 2*c**2 + c**2 + 16*c. Give m(l).
2
Suppose 2*q - 6*q = 0. Let u(y) = -y + 6. Let j(z) = -z + 5. Let b(f) = -4*j(f) + 3*u(f). What is b(q)?
-2
Suppose 0 = a - 4 + 2. Let p(c) = 6*c**a - 1 - 5*c**2 + 7*c - 1. Let f = 77 - 83. Calculate p(f).
-8
Let b(v) = v**3 + 35 + v**2 - 2*v - 35. Let l be (9/6)/(81/36 + -3). Determine b(l).
0
Let c = -1476 - -1477. Let a(p) be the first derivative of -p**6/40 + p**4/24 - p**2/2 + 1. Let k(y) be the second derivative of a(y). Give k(c).
-2
Let q(b) = 4*b**3 + 0*b**2 + 0*b - 3 + 0*b + 3*b - 6*b**2. Let o(l) = -l**3 + l**2 + 1. Let a(c) = -5*o(c) - q(c). Let p be (-4)/(-6)*(-1 + -2). Give a(p).
0
Suppose 21*o - 24*o = 5*q + 4, -36 = -3*o + 3*q. Let u(c) = -3*c + 5. What is u(o)?
-16
Let v be -6*(-4)/(-168) + (-16)/(-14). Let p(w) = 2*w - 7. Determine p(v).
-5
Let p = -20 + 33. Let x(b) = 11 - 11*b**2 - p*b + 3*b - b**3 + 11*b. Calculate x(-11).
0
Suppose -220 = 5*l - 4*y, 0*l = -l + 5*y - 65. Let w be 3/(-3 + l/(-12)). Let f(a) = -a**2 - 6*a + 9*a - w*a. What is f(-5)?
5
Let t(l) = 11*l**2 + 2*l - 1. Let b(m) = -4*m - 58. Let q be b(-15). Suppose -q*i = 3*i - 5. Calculate t(i).
12
Let d(h) = -50*h**3 + 2*h**2 + 0*h**2 - 4 + 40*h**3 + 3. Calculate d(-1).
11
Let t(w) be the second derivative of w**4/6 + 11*w**3/6 - 3*w**2 + 127*w + 2. Give t(-6).
0
Let b(i) = -i**3 + 6*i**2 + 7*i + 5. Let o be ((-28)/(-8) - 4)*-6. Suppose 0 = q + o*q - 28. Determine b(q).
5
Let f = 924 + -928. Suppose